{"id":5193,"date":"2026-02-09T16:20:32","date_gmt":"2026-02-09T16:20:32","guid":{"rendered":"http:\/\/vitorpinto.pt\/?page_id=5193"},"modified":"2026-02-10T22:44:49","modified_gmt":"2026-02-10T22:44:49","slug":"sobre-mim","status":"publish","type":"page","link":"https:\/\/vitorpinto.pt\/?page_id=5193","title":{"rendered":"SOBRE MIM"},"content":{"rendered":"<style>.elementor-5193 .elementor-element.elementor-element-69272769{--display:flex;--flex-direction:row;--container-widget-width:calc( ( 1 - var( --container-widget-flex-grow ) ) * 100% );--container-widget-height:100%;--container-widget-flex-grow:1;--container-widget-align-self:stretch;--flex-wrap-mobile:wrap;--align-items:center;--gap:50px 50px;--row-gap:50px;--column-gap:50px;--padding-top:6em;--padding-bottom:6em;--padding-left:0em;--padding-right:0em;}.elementor-5193 .elementor-element.elementor-element-6fc3ddc3{--display:flex;--gap:0px 0px;--row-gap:0px;--column-gap:0px;}.elementor-5193 .elementor-element.elementor-element-2061d6ed img{width:100%;}.elementor-5193 .elementor-element.elementor-element-2061d6ed{width:var( --container-widget-width, 84% );max-width:84%;--container-widget-width:84%;--container-widget-flex-grow:0;}.elementor-5193 .elementor-element.elementor-element-2061d6ed.elementor-element{--align-self:center;}.elementor-5193 .elementor-element.elementor-element-502fb70f{--display:flex;border-style:solid;--border-style:solid;border-width:5px 5px 0px 5px;--border-top-width:5px;--border-right-width:5px;--border-bottom-width:0px;--border-left-width:5px;border-color:var( --e-global-color-secondary );--border-color:var( --e-global-color-secondary );--margin-top:-4em;--margin-bottom:0em;--margin-left:0em;--margin-right:0em;--padding-top:2em;--padding-bottom:2em;--padding-left:2em;--padding-right:2em;}.elementor-5193 .elementor-element.elementor-element-502fb70f:not(.elementor-motion-effects-element-type-background), .elementor-5193 .elementor-element.elementor-element-502fb70f > .elementor-motion-effects-container > .elementor-motion-effects-layer{background-color:#492A92;}.elementor-5193 .elementor-element.elementor-element-502fb70f.e-con{--align-self:flex-end;}.elementor-5193 .elementor-element.elementor-element-502fb70f.e-con:hover{--e-con-transform-translateX:0px;}.elementor-5193 .elementor-element.elementor-element-32e8edd5 .elementor-image-box-wrapper{text-align:start;}.elementor-5193 .elementor-element.elementor-element-32e8edd5 .elementor-image-box-title{margin-bottom:10px;font-family:var( --e-global-typography-c3fb1f0-font-family ), Sans-serif;font-size:var( --e-global-typography-c3fb1f0-font-size );font-weight:var( --e-global-typography-c3fb1f0-font-weight );font-style:var( --e-global-typography-c3fb1f0-font-style );line-height:var( --e-global-typography-c3fb1f0-line-height );letter-spacing:var( --e-global-typography-c3fb1f0-letter-spacing );word-spacing:var( --e-global-typography-c3fb1f0-word-spacing );color:var( --e-global-color-secondary );}.elementor-5193 .elementor-element.elementor-element-32e8edd5 .elementor-image-box-description{color:var( --e-global-color-primary );}.elementor-5193 .elementor-element.elementor-element-32e8edd5{width:initial;max-width:initial;}.elementor-5193 .elementor-element.elementor-element-32e8edd5.elementor-element{--align-self:center;}.elementor-5193 .elementor-element.elementor-element-3f58b87a{--display:flex;--margin-top:-1.55em;--margin-bottom:0em;--margin-left:0em;--margin-right:1em;}.elementor-5193 .elementor-element.elementor-element-3f58b87a.e-con{--align-self:flex-end;}.elementor-5193 .elementor-element.elementor-element-5f13aeec .elementor-icon-wrapper{text-align:center;}.elementor-5193 .elementor-element.elementor-element-5f13aeec.elementor-view-stacked .elementor-icon{background-color:#E5A30F;}.elementor-5193 .elementor-element.elementor-element-5f13aeec.elementor-view-framed .elementor-icon, .elementor-5193 .elementor-element.elementor-element-5f13aeec.elementor-view-default .elementor-icon{color:#E5A30F;border-color:#E5A30F;}.elementor-5193 .elementor-element.elementor-element-5f13aeec.elementor-view-framed .elementor-icon, .elementor-5193 .elementor-element.elementor-element-5f13aeec.elementor-view-default .elementor-icon svg{fill:#E5A30F;}.elementor-5193 .elementor-element.elementor-element-63cb629{--display:flex;--justify-content:center;}.elementor-5193 .elementor-element.elementor-element-a7935b8{--display:flex;}.elementor-5193 .elementor-element.elementor-element-7c79136{--display:flex;}.elementor-5193 .elementor-element.elementor-element-7073fa4{--display:flex;}.elementor-5193 .elementor-element.elementor-element-cc5e9a9{font-size:2.4rem;font-weight:800;line-height:0.9em;color:#EDD00A;}.elementor-5193 .elementor-element.elementor-element-15aac42e{font-weight:600;color:#040000;}.elementor-5193 .elementor-element.elementor-element-1df2fc6{--display:flex;--flex-direction:row;--container-widget-width:calc( ( 1 - var( --container-widget-flex-grow ) ) * 100% );--container-widget-height:100%;--container-widget-flex-grow:1;--container-widget-align-self:stretch;--flex-wrap-mobile:wrap;--align-items:center;--gap:50px 50px;--row-gap:50px;--column-gap:50px;--padding-top:6em;--padding-bottom:6em;--padding-left:0em;--padding-right:0em;}.elementor-5193 .elementor-element.elementor-element-8e9dda8{--display:flex;--gap:0px 0px;--row-gap:0px;--column-gap:0px;}.elementor-5193 .elementor-element.elementor-element-22d42e5 img{width:100%;}.elementor-5193 .elementor-element.elementor-element-22d42e5{width:var( --container-widget-width, 84% );max-width:84%;--container-widget-width:84%;--container-widget-flex-grow:0;}.elementor-5193 .elementor-element.elementor-element-22d42e5.elementor-element{--align-self:center;}.elementor-5193 .elementor-element.elementor-element-a40ad1e{--display:flex;border-style:solid;--border-style:solid;border-width:5px 5px 0px 5px;--border-top-width:5px;--border-right-width:5px;--border-bottom-width:0px;--border-left-width:5px;border-color:var( --e-global-color-secondary );--border-color:var( --e-global-color-secondary );--margin-top:-4em;--margin-bottom:0em;--margin-left:0em;--margin-right:0em;--padding-top:2em;--padding-bottom:2em;--padding-left:2em;--padding-right:2em;}.elementor-5193 .elementor-element.elementor-element-a40ad1e:not(.elementor-motion-effects-element-type-background), .elementor-5193 .elementor-element.elementor-element-a40ad1e > .elementor-motion-effects-container > .elementor-motion-effects-layer{background-color:#9B94AC;}.elementor-5193 .elementor-element.elementor-element-a40ad1e.e-con{--align-self:flex-end;}.elementor-5193 .elementor-element.elementor-element-a40ad1e.e-con:hover{--e-con-transform-translateX:0px;}.elementor-5193 .elementor-element.elementor-element-f0532ba .elementor-image-box-wrapper{text-align:start;}.elementor-5193 .elementor-element.elementor-element-f0532ba .elementor-image-box-title{margin-bottom:10px;font-family:var( --e-global-typography-c3fb1f0-font-family ), Sans-serif;font-size:var( --e-global-typography-c3fb1f0-font-size );font-weight:var( --e-global-typography-c3fb1f0-font-weight );font-style:var( --e-global-typography-c3fb1f0-font-style );line-height:var( --e-global-typography-c3fb1f0-line-height );letter-spacing:var( --e-global-typography-c3fb1f0-letter-spacing );word-spacing:var( --e-global-typography-c3fb1f0-word-spacing );color:var( --e-global-color-secondary );}.elementor-5193 .elementor-element.elementor-element-f0532ba .elementor-image-box-description{color:var( --e-global-color-primary );}.elementor-5193 .elementor-element.elementor-element-f0532ba{width:initial;max-width:initial;}.elementor-5193 .elementor-element.elementor-element-f0532ba.elementor-element{--align-self:center;}.elementor-5193 .elementor-element.elementor-element-a60a0a8{--display:flex;--margin-top:-1.55em;--margin-bottom:0em;--margin-left:0em;--margin-right:1em;}.elementor-5193 .elementor-element.elementor-element-a60a0a8.e-con{--align-self:flex-end;}.elementor-5193 .elementor-element.elementor-element-58eb7f3 .elementor-icon-wrapper{text-align:center;}.elementor-5193 .elementor-element.elementor-element-58eb7f3.elementor-view-stacked .elementor-icon{background-color:#E5A30F;}.elementor-5193 .elementor-element.elementor-element-58eb7f3.elementor-view-framed .elementor-icon, .elementor-5193 .elementor-element.elementor-element-58eb7f3.elementor-view-default .elementor-icon{color:#E5A30F;border-color:#E5A30F;}.elementor-5193 .elementor-element.elementor-element-58eb7f3.elementor-view-framed .elementor-icon, .elementor-5193 .elementor-element.elementor-element-58eb7f3.elementor-view-default .elementor-icon svg{fill:#E5A30F;}.elementor-5193 .elementor-element.elementor-element-aa022de{--display:flex;--justify-content:center;}.elementor-5193 .elementor-element.elementor-element-daffb31{--display:flex;}.elementor-5193 .elementor-element.elementor-element-cf3710b{--display:flex;}.elementor-5193 .elementor-element.elementor-element-ae8c4ac{--display:flex;}.elementor-5193 .elementor-element.elementor-element-219c197{font-size:2.4rem;font-weight:800;line-height:0.9em;color:#EDD00A;}.elementor-5193 .elementor-element.elementor-element-2917c68{font-weight:600;color:#040000;}:root{--page-title-display:none;}@media(min-width:768px){.elementor-5193 .elementor-element.elementor-element-502fb70f{--width:65%;}.elementor-5193 .elementor-element.elementor-element-3f58b87a{--width:11%;}.elementor-5193 .elementor-element.elementor-element-a40ad1e{--width:65%;}.elementor-5193 .elementor-element.elementor-element-a60a0a8{--width:11%;}}@media(max-width:1024px){.elementor-5193 .elementor-element.elementor-element-69272769{--flex-wrap:wrap;}.elementor-5193 .elementor-element.elementor-element-502fb70f{--margin-top:-30%;--margin-bottom:0%;--margin-left:0%;--margin-right:0%;}.elementor-5193 .elementor-element.elementor-element-32e8edd5 .elementor-image-box-title{font-size:var( --e-global-typography-c3fb1f0-font-size );line-height:var( --e-global-typography-c3fb1f0-line-height );letter-spacing:var( --e-global-typography-c3fb1f0-letter-spacing );word-spacing:var( --e-global-typography-c3fb1f0-word-spacing );}.elementor-5193 .elementor-element.elementor-element-cc5e9a9{font-size:1.8rem;line-height:0.9em;}.elementor-5193 .elementor-element.elementor-element-1df2fc6{--flex-wrap:wrap;}.elementor-5193 .elementor-element.elementor-element-a40ad1e{--margin-top:-30%;--margin-bottom:0%;--margin-left:0%;--margin-right:0%;}.elementor-5193 .elementor-element.elementor-element-f0532ba .elementor-image-box-title{font-size:var( --e-global-typography-c3fb1f0-font-size );line-height:var( --e-global-typography-c3fb1f0-line-height );letter-spacing:var( --e-global-typography-c3fb1f0-letter-spacing );word-spacing:var( --e-global-typography-c3fb1f0-word-spacing );}.elementor-5193 .elementor-element.elementor-element-219c197{font-size:1.8rem;line-height:0.9em;}}@media(max-width:767px){.elementor-5193 .elementor-element.elementor-element-2061d6ed{--container-widget-width:93%;--container-widget-flex-grow:0;width:var( --container-widget-width, 93% );max-width:93%;}.elementor-5193 .elementor-element.elementor-element-502fb70f{--width:88%;--margin-top:-12%;--margin-bottom:0%;--margin-left:0%;--margin-right:0%;--padding-top:1em;--padding-bottom:1em;--padding-left:1em;--padding-right:1em;}.elementor-5193 .elementor-element.elementor-element-32e8edd5 .elementor-image-box-title{font-size:var( --e-global-typography-c3fb1f0-font-size );line-height:var( --e-global-typography-c3fb1f0-line-height );letter-spacing:var( --e-global-typography-c3fb1f0-letter-spacing );word-spacing:var( --e-global-typography-c3fb1f0-word-spacing );}.elementor-5193 .elementor-element.elementor-element-3f58b87a{--width:32%;}.elementor-5193 .elementor-element.elementor-element-cc5e9a9{font-size:1.6rem;line-height:0.9em;}.elementor-5193 .elementor-element.elementor-element-15aac42e{text-align:center;}.elementor-5193 .elementor-element.elementor-element-22d42e5{--container-widget-width:93%;--container-widget-flex-grow:0;width:var( --container-widget-width, 93% );max-width:93%;}.elementor-5193 .elementor-element.elementor-element-a40ad1e{--width:88%;--margin-top:-12%;--margin-bottom:0%;--margin-left:0%;--margin-right:0%;--padding-top:1em;--padding-bottom:1em;--padding-left:1em;--padding-right:1em;}.elementor-5193 .elementor-element.elementor-element-f0532ba .elementor-image-box-title{font-size:var( --e-global-typography-c3fb1f0-font-size );line-height:var( --e-global-typography-c3fb1f0-line-height );letter-spacing:var( --e-global-typography-c3fb1f0-letter-spacing );word-spacing:var( --e-global-typography-c3fb1f0-word-spacing );}.elementor-5193 .elementor-element.elementor-element-a60a0a8{--width:32%;}.elementor-5193 .elementor-element.elementor-element-219c197{font-size:1.6rem;line-height:0.9em;}.elementor-5193 .elementor-element.elementor-element-2917c68{text-align:center;}}<\/style>\t\t<div data-elementor-type=\"wp-page\" data-elementor-id=\"5193\" class=\"elementor elementor-5193\" data-elementor-post-type=\"page\">\n\t\t\t\t<div class=\"elementor-element elementor-element-69272769 e-flex e-con-boxed e-con e-parent\" data-id=\"69272769\" data-element_type=\"container\" data-e-type=\"container\" data-settings=\"{&quot;background_background&quot;:&quot;classic&quot;}\">\n\t\t\t\t\t<div class=\"e-con-inner\">\n\t\t<div class=\"elementor-element elementor-element-6fc3ddc3 e-con-full e-flex e-con e-child\" data-id=\"6fc3ddc3\" data-element_type=\"container\" data-e-type=\"container\">\n\t\t\t\t<div class=\"elementor-element elementor-element-2061d6ed elementor-widget__width-initial elementor-widget elementor-widget-image\" data-id=\"2061d6ed\" data-element_type=\"widget\" data-e-type=\"widget\" data-widget_type=\"image.default\">\n\t\t\t\t\t\t\t\t\t\t\t\t\t\t\t<img fetchpriority=\"high\" decoding=\"async\" width=\"291\" height=\"363\" src=\"https:\/\/vitorpinto.pt\/wp-content\/uploads\/2026\/02\/2-Estrelas-2-2.jpg\" class=\"attachment-full size-full wp-image-5231\" alt=\"\" srcset=\"https:\/\/vitorpinto.pt\/wp-content\/uploads\/2026\/02\/2-Estrelas-2-2.jpg 291w, https:\/\/vitorpinto.pt\/wp-content\/uploads\/2026\/02\/2-Estrelas-2-2-240x300.jpg 240w\" sizes=\"(max-width: 291px) 100vw, 291px\" \/>\t\t\t\t\t\t\t\t\t\t\t\t\t\t\t<\/div>\n\t\t<div class=\"elementor-element elementor-element-502fb70f e-con-full e-transform e-flex e-con e-child\" data-id=\"502fb70f\" data-element_type=\"container\" data-e-type=\"container\" data-settings=\"{&quot;background_background&quot;:&quot;classic&quot;,&quot;_transform_translateX_effect_hover&quot;:{&quot;unit&quot;:&quot;px&quot;,&quot;size&quot;:0,&quot;sizes&quot;:[]},&quot;_transform_translateX_effect_hover_tablet&quot;:{&quot;unit&quot;:&quot;px&quot;,&quot;size&quot;:&quot;&quot;,&quot;sizes&quot;:[]},&quot;_transform_translateX_effect_hover_mobile&quot;:{&quot;unit&quot;:&quot;px&quot;,&quot;size&quot;:&quot;&quot;,&quot;sizes&quot;:[]},&quot;_transform_translateY_effect_hover&quot;:{&quot;unit&quot;:&quot;px&quot;,&quot;size&quot;:&quot;&quot;,&quot;sizes&quot;:[]},&quot;_transform_translateY_effect_hover_tablet&quot;:{&quot;unit&quot;:&quot;px&quot;,&quot;size&quot;:&quot;&quot;,&quot;sizes&quot;:[]},&quot;_transform_translateY_effect_hover_mobile&quot;:{&quot;unit&quot;:&quot;px&quot;,&quot;size&quot;:&quot;&quot;,&quot;sizes&quot;:[]}}\">\n\t\t\t\t<div class=\"elementor-element elementor-element-32e8edd5 elementor-widget__width-initial elementor-widget elementor-widget-image-box\" data-id=\"32e8edd5\" data-element_type=\"widget\" data-e-type=\"widget\" data-widget_type=\"image-box.default\">\n\t\t\t\t\t<div class=\"elementor-image-box-wrapper\"><div class=\"elementor-image-box-content\"><h5 class=\"elementor-image-box-title\">\"O Mundo muda pelo seu exemplo, n\u00e3o pela sua opini\u00e3o\"<\/h5><p class=\"elementor-image-box-description\">---Paulo Coelho, Escritor<\/p><\/div><\/div>\t\t\t\t<\/div>\n\t\t\t\t<\/div>\n\t\t<div class=\"elementor-element elementor-element-3f58b87a e-con-full e-flex e-con e-child\" data-id=\"3f58b87a\" data-element_type=\"container\" data-e-type=\"container\" data-settings=\"{&quot;background_background&quot;:&quot;classic&quot;}\">\n\t\t\t\t<div class=\"elementor-element elementor-element-5f13aeec elementor-view-default elementor-widget elementor-widget-icon\" data-id=\"5f13aeec\" data-element_type=\"widget\" data-e-type=\"widget\" data-widget_type=\"icon.default\">\n\t\t\t\t\t\t\t<div class=\"elementor-icon-wrapper\">\n\t\t\t<div class=\"elementor-icon\">\n\t\t\t<i aria-hidden=\"true\" class=\"icon icon-quote2\"><\/i>\t\t\t<\/div>\n\t\t<\/div>\n\t\t\t\t\t\t<\/div>\n\t\t\t\t<\/div>\n\t\t\t\t<\/div>\n\t\t<div class=\"elementor-element elementor-element-63cb629 e-con-full e-flex e-con e-child\" data-id=\"63cb629\" data-element_type=\"container\" data-e-type=\"container\">\n\t\t<div class=\"elementor-element elementor-element-a7935b8 e-con-full e-flex e-con e-child\" data-id=\"a7935b8\" data-element_type=\"container\" data-e-type=\"container\">\n\t\t<div class=\"elementor-element elementor-element-7c79136 e-con-full e-flex e-con e-child\" data-id=\"7c79136\" data-element_type=\"container\" data-e-type=\"container\">\n\t\t<div class=\"elementor-element elementor-element-7073fa4 e-con-full e-flex e-con e-child\" data-id=\"7073fa4\" data-element_type=\"container\" data-e-type=\"container\">\n\t\t\t\t<div class=\"elementor-element elementor-element-cc5e9a9 elementor-widget elementor-widget-text-editor\" data-id=\"cc5e9a9\" data-element_type=\"widget\" data-e-type=\"widget\" data-widget_type=\"text-editor.default\">\n\t\t\t\t\t\t\t\t\t<p><span style=\"color: #ffcc00;\">A Minha Pequena Hist\u00f3ria<\/span><\/p>\t\t\t\t\t\t\t\t<\/div>\n\t\t\t\t<\/div>\n\t\t\t\t<\/div>\n\t\t\t\t<\/div>\n\t\t\t\t<div class=\"elementor-element elementor-element-15aac42e elementor-widget elementor-widget-text-editor\" data-id=\"15aac42e\" data-element_type=\"widget\" data-e-type=\"widget\" data-widget_type=\"text-editor.default\">\n\t\t\t\t\t\t\t\t\t<p>\u00a0O meu nome \u00e9 Victor Pinto.\u00a0<\/p><p>\u00a0Sou Profissional de Marketing com v\u00e1rios anos de experi\u00eancia como T-Shaped Marketeer.<\/p><p>\u00a0Ao longo da \u00faltima d\u00e9cada, trabalhei com uma latitude consider\u00e1vel de verticais e desenvolvi alguns neg\u00f3cios relacionados com o Marketing, e tamb\u00e9m com o Maketing de Rede.<\/p><p>\u00a0Ao longo do caminho fui procurando sempre maximizar a performance, desde a gera\u00e7\u00e3o de equipes e lan\u00e7amentos de novas oportunidades relacionados com produtos, servi\u00e7os e vendas.<\/p><p>\u00a0Bem como, fazer acontecer, ou seja: implementar as diferentes estrat\u00e9gias, o que fez de mim um profissional com conhecimentos pr\u00e1ticos e transversais.<\/p><p>\u00a0Eu n\u00e3o sou rico, tal como tu provavelmente tamb\u00e9m n\u00e3o \u00e9s, sen\u00e3o, eventualmente n\u00e3o estarias aqui, procurando uma oportunidade.<\/p><p>\u00a0Por\u00e9m, eu sempre procurei a independ\u00eancia financeira e acredito piamente que \u00e9 com este Conceito e com esta Empresa que a irei alcan\u00e7ar!&#8230;<br \/>\u00a0Queres alinhar comigo? vou sentir muito gosto em ajudar-te&#8230;<\/p>\t\t\t\t\t\t\t\t<\/div>\n\t\t\t\t<\/div>\n\t\t\t\t\t<\/div>\n\t\t\t\t<\/div>\n\t\t<div class=\"elementor-element elementor-element-1df2fc6 e-flex e-con-boxed e-con e-parent\" data-id=\"1df2fc6\" data-element_type=\"container\" data-e-type=\"container\" data-settings=\"{&quot;background_background&quot;:&quot;classic&quot;}\">\n\t\t\t\t\t<div class=\"e-con-inner\">\n\t\t<div class=\"elementor-element elementor-element-8e9dda8 e-con-full e-flex e-con e-child\" data-id=\"8e9dda8\" data-element_type=\"container\" data-e-type=\"container\">\n\t\t\t\t<div class=\"elementor-element elementor-element-22d42e5 elementor-widget__width-initial elementor-widget elementor-widget-image\" data-id=\"22d42e5\" data-element_type=\"widget\" data-e-type=\"widget\" data-widget_type=\"image.default\">\n\t\t\t\t\t\t\t\t\t\t\t\t\t\t\t<img decoding=\"async\" width=\"745\" height=\"745\" src=\"https:\/\/vitorpinto.pt\/wp-content\/uploads\/2026\/02\/corsair-launches-CSE-e1643684746826.jpg\" class=\"attachment-full size-full wp-image-5335\" alt=\"\" \/>\t\t\t\t\t\t\t\t\t\t\t\t\t\t\t<\/div>\n\t\t<div class=\"elementor-element elementor-element-a40ad1e e-con-full e-transform e-flex e-con e-child\" data-id=\"a40ad1e\" data-element_type=\"container\" data-e-type=\"container\" data-settings=\"{&quot;background_background&quot;:&quot;classic&quot;,&quot;_transform_translateX_effect_hover&quot;:{&quot;unit&quot;:&quot;px&quot;,&quot;size&quot;:0,&quot;sizes&quot;:[]},&quot;_transform_translateX_effect_hover_tablet&quot;:{&quot;unit&quot;:&quot;px&quot;,&quot;size&quot;:&quot;&quot;,&quot;sizes&quot;:[]},&quot;_transform_translateX_effect_hover_mobile&quot;:{&quot;unit&quot;:&quot;px&quot;,&quot;size&quot;:&quot;&quot;,&quot;sizes&quot;:[]},&quot;_transform_translateY_effect_hover&quot;:{&quot;unit&quot;:&quot;px&quot;,&quot;size&quot;:&quot;&quot;,&quot;sizes&quot;:[]},&quot;_transform_translateY_effect_hover_tablet&quot;:{&quot;unit&quot;:&quot;px&quot;,&quot;size&quot;:&quot;&quot;,&quot;sizes&quot;:[]},&quot;_transform_translateY_effect_hover_mobile&quot;:{&quot;unit&quot;:&quot;px&quot;,&quot;size&quot;:&quot;&quot;,&quot;sizes&quot;:[]}}\">\n\t\t\t\t<div class=\"elementor-element elementor-element-f0532ba elementor-widget__width-initial elementor-widget elementor-widget-image-box\" data-id=\"f0532ba\" data-element_type=\"widget\" data-e-type=\"widget\" data-widget_type=\"image-box.default\">\n\t\t\t\t\t<div class=\"elementor-image-box-wrapper\"><div class=\"elementor-image-box-content\"><h5 class=\"elementor-image-box-title\">\"O Mundo muda pelo seu exemplo, n\u00e3o pela sua opini\u00e3o\"<\/h5><p class=\"elementor-image-box-description\">---Paulo Coelho, Escritor<\/p><\/div><\/div>\t\t\t\t<\/div>\n\t\t\t\t<\/div>\n\t\t<div class=\"elementor-element elementor-element-a60a0a8 e-con-full e-flex e-con e-child\" data-id=\"a60a0a8\" data-element_type=\"container\" data-e-type=\"container\" data-settings=\"{&quot;background_background&quot;:&quot;classic&quot;}\">\n\t\t\t\t<div class=\"elementor-element elementor-element-58eb7f3 elementor-view-default elementor-widget elementor-widget-icon\" data-id=\"58eb7f3\" data-element_type=\"widget\" data-e-type=\"widget\" data-widget_type=\"icon.default\">\n\t\t\t\t\t\t\t<div class=\"elementor-icon-wrapper\">\n\t\t\t<div class=\"elementor-icon\">\n\t\t\t<i aria-hidden=\"true\" class=\"icon icon-quote2\"><\/i>\t\t\t<\/div>\n\t\t<\/div>\n\t\t\t\t\t\t<\/div>\n\t\t\t\t<\/div>\n\t\t\t\t<\/div>\n\t\t<div class=\"elementor-element elementor-element-aa022de e-con-full e-flex e-con e-child\" data-id=\"aa022de\" data-element_type=\"container\" data-e-type=\"container\">\n\t\t<div class=\"elementor-element elementor-element-daffb31 e-con-full e-flex e-con e-child\" data-id=\"daffb31\" data-element_type=\"container\" data-e-type=\"container\">\n\t\t<div class=\"elementor-element elementor-element-cf3710b e-con-full e-flex e-con e-child\" data-id=\"cf3710b\" data-element_type=\"container\" data-e-type=\"container\">\n\t\t<div class=\"elementor-element elementor-element-ae8c4ac e-con-full e-flex e-con e-child\" data-id=\"ae8c4ac\" data-element_type=\"container\" data-e-type=\"container\">\n\t\t\t\t<div class=\"elementor-element elementor-element-219c197 elementor-widget elementor-widget-text-editor\" data-id=\"219c197\" data-element_type=\"widget\" data-e-type=\"widget\" data-widget_type=\"text-editor.default\">\n\t\t\t\t\t\t\t\t\t<p><strong><span style=\"color: #ffcc00;\">Uma Janela Aberta para o futuro!<\/span><\/strong><\/p>\t\t\t\t\t\t\t\t<\/div>\n\t\t\t\t<\/div>\n\t\t\t\t<\/div>\n\t\t\t\t<\/div>\n\t\t\t\t<div class=\"elementor-element elementor-element-2917c68 elementor-widget elementor-widget-text-editor\" data-id=\"2917c68\" data-element_type=\"widget\" data-e-type=\"widget\" data-widget_type=\"text-editor.default\">\n\t\t\t\t\t\t\t\t\t<p>\u00a0\u00c9 muito bonito ouvir falar acerca deste tema. Concorda?<\/p><p>\u00a0Na verdade queremos ver muito mais atrav\u00e9s dela depois de aberta, ou seja: Observar o mundo colocando a nossa cabe\u00e7a de fora.<\/p><p>\u00a0Porque \u00e9 que o sucesso profissional \u00e9 agora mais do que uma quest\u00e3o de compet\u00eancia?<\/p><p>\u00a0Ser\u00e1 que as r\u00e1pidas e radicais mudan\u00e7as do mundo de hoje s\u00e3o imprevis\u00edveis ou podemos antecipar-nos a elas, criando o nosso pr\u00f3prio futuro e o futuro das nossas organiza\u00e7\u00f5es ?.<\/p><p>\u00a0Na luta entre uma empresa e o mercado, quais as possibilidades dessa empresa sair vitoriosa?.<\/p><p>\u00a0Feliz ou infelizmente o mundo muda muito mais r\u00e1pido do que a vis\u00e3o que temos dele.<\/p><p>A Complexidade aumentou e o mundo tornou-se um sistema aberto.<\/p><p>\u00a0Hoje a vis\u00e3o que melhor ilustra o mundo em que vivemos \u00e9 a de um holograma complexo.<\/p><p>\u00a0Quem quiser permanecer e ser bem sucedido nesse holograma complexo, precisa acompanhar as mudan\u00e7as do mercado, que s\u00f3 s\u00e3o vistas quando se abre uma janela no futuro.\u00a0<\/p><p>\u00a0Venha iniciar essa viagem juntamente\u00a0 comigo e com outros parceiros\u2026\u00a0<\/p>\t\t\t\t\t\t\t\t<\/div>\n\t\t\t\t<\/div>\n\t\t\t\t\t<\/div>\n\t\t\t\t<\/div>\n\t\t\t\t<\/div>\n\t\t","protected":false},"excerpt":{"rendered":"<p>&#8220;O Mundo muda pelo seu exemplo, n\u00e3o pela sua opini\u00e3o&#8221; &#8212;Paulo Coelho, Escritor A Minha Pequena Hist\u00f3ria \u00a0O meu nome \u00e9 Victor Pinto.\u00a0 \u00a0Sou Profissional de Marketing com v\u00e1rios anos de experi\u00eancia como T-Shaped Marketeer. \u00a0Ao longo da \u00faltima d\u00e9cada, trabalhei com uma latitude consider\u00e1vel de verticais e desenvolvi alguns neg\u00f3cios relacionados com o Marketing, [&hellip;]<\/p>\n","protected":false},"author":1,"featured_media":0,"parent":0,"menu_order":0,"comment_status":"closed","ping_status":"closed","template":"elementor_header_footer","meta":{"footnotes":""},"class_list":["post-5193","page","type-page","status-publish","hentry"],"_links":{"self":[{"href":"https:\/\/vitorpinto.pt\/index.php?rest_route=\/wp\/v2\/pages\/5193","targetHints":{"allow":["GET"]}}],"collection":[{"href":"https:\/\/vitorpinto.pt\/index.php?rest_route=\/wp\/v2\/pages"}],"about":[{"href":"https:\/\/vitorpinto.pt\/index.php?rest_route=\/wp\/v2\/types\/page"}],"author":[{"embeddable":true,"href":"https:\/\/vitorpinto.pt\/index.php?rest_route=\/wp\/v2\/users\/1"}],"replies":[{"embeddable":true,"href":"https:\/\/vitorpinto.pt\/index.php?rest_route=%2Fwp%2Fv2%2Fcomments&post=5193"}],"version-history":[{"count":31,"href":"https:\/\/vitorpinto.pt\/index.php?rest_route=\/wp\/v2\/pages\/5193\/revisions"}],"predecessor-version":[{"id":5341,"href":"https:\/\/vitorpinto.pt\/index.php?rest_route=\/wp\/v2\/pages\/5193\/revisions\/5341"}],"wp:attachment":[{"href":"https:\/\/vitorpinto.pt\/index.php?rest_route=%2Fwp%2Fv2%2Fmedia&parent=5193"}],"curies":[{"name":"wp","href":"https:\/\/api.w.org\/{rel}","templated":true}]}}